0*d - 35, 3*d + 52 = 5*z. Let p(b) = b**3 + 12*b**2 + 16*b - 4. Let m be p(d). Calculate the greatest common divisor of 38 and m.
19
Let t(a) = -a**3 - 5*a**2 + 6*a + 7. Let l be t(-6). Calculate the greatest common factor of l and 301.
7
Let d(w) = w**3 + 4*w**2 - 10*w + 41. Let o be d(-6). Suppose -3*b - 2*r + 79 = -0*b, 12 = -3*r. Calculate the highest common divisor of o and b.
29
Suppose 5*w = 2*d - 49, -w = -3*d - 6*w + 36. Suppose -5*z + 776 + 2109 = 0. Suppose -z = -3*m - 118. What is the greatest common factor of m and d?
17
Let c = 169 - 101. Calculate the greatest common divisor of c and 153.
17
Let o(n) = 4*n - 38. Let z be o(10). Suppose -i + 0*i + 29 = 2*r, -38 = -2*r + z*i. Calculate the greatest common factor of 80 and r.
16
Suppose q + 18 = 20. Calculate the highest common factor of q and 26.
2
Let m(b) = -2*b + 108. Let z be m(21). Calculate the highest common divisor of z and 231.
33
Let w(p) = -p**2 + 13*p - 25. Let g be w(11). Let q be 64 + (-3 - g) + -4. What is the greatest common divisor of 20 and q?
20
Let t(o) = -o**3 + 9*o**2 - 9*o - 10. Let a be t(7). Suppose x = a - 7. Calculate the greatest common divisor of 24 and x.
6
Let d = 677 + -544. What is the greatest common factor of 95 and d?
19
Let h = -239 + 247. Let a = -3 - -5. Calculate the greatest common divisor of a and h.
2
Let i = -7 - -9. Let w be (4/(-7))/(6/(-42)). Suppose 2 = w*f - 10. Calculate the highest common factor of i and f.
1
Let i(v) = -v**3 - 2*v**2 - 6*v - 5. Let q be i(-3). Let h(d) = -d**2 - 2*d + 1. Let t be h(-1). What is the greatest common divisor of t and q?
2
Let g(k) = 16*k**2 - 2*k + 2. Let z be g(1). Let r(f) = f**2 - 15*f - 5. Let v be r(z). Calculate the greatest common divisor of v and 11.
11
Suppose 4*i = -10 + 38. Let c(w) = w**3 - 6*w**2 + 6*w + 13. Let s be c(6). Calculate the highest common divisor of s and i.
7
Suppose -3*p + 926 = -2*v, 159 + 445 = 2*p + 2*v. Suppose 16 + 52 = 2*d. What is the highest common factor of p and d?
34
Let y = 2 - 1. Let x be -3 + -1 + 38/2. Let n be -2 + x + -3 + -2. Calculate the greatest common divisor of y and n.
1
Let j = 92 + -170. Let z = 13 + j. Let q = -32 - z. What is the highest common factor of q and 11?
11
Let q = 23 - 20. Suppose 12 = q*g - 3*y, 0*g - g + 4 = 5*y. Let t(l) = 37*l - 12. Let s be t(g). Calculate the greatest common factor of s and 17.
17
Let u(i) = i**2 + 4*i - 537. Let x be u(-37). What is the highest common factor of x and 24?
12
Suppose 10*w - 8*w - 340 = 0. Let n = 47 + 21. Calculate the highest common factor of n and w.
34
Suppose 4*a + 283 = -o, -8 - 121 = 2*a + 3*o. Let c = 0 - a. What is the greatest common factor of 8 and c?
8
Let a = 302 + -127. Calculate the greatest common factor of a and 140.
35
Let b be (-3)/7 + 656/28. Calculate the greatest common factor of 1 and b.
1
Suppose 0 = -o + 5*o - 28. Let j be -2*(-7)/2*(-3)/(-3). Suppose -l + 21 - j = 0. What is the highest common divisor of l and o?
7
Let d(l) = -7*l**3 + 2*l**2 - 11*l - 2. Let c be d(-4). Calculate the highest common divisor of c and 58.
58
Suppose -1864 = 2*g - 1906. What is the highest common divisor of g and 189?
21
Let n be 1/(2/20 - 0). Let x(j) = 17*j + 7. Let l be x(-7). Let u = l - -202. Calculate the greatest common divisor of u and n.
10
Let m = -44 - -67. What is the highest common divisor of 207 and m?
23
Let u be (-2 + (12 - 1))/(45/480). Calculate the greatest common divisor of 120 and u.
24
Let v(x) = 128*x**3 + 16*x - 14. Let o be v(1). Suppose -3*h = -186 + 30. Calculate the highest common divisor of o and h.
26
Suppose -90 + 50 = -5*x. Suppose -540 = -x*h + 4*h. Calculate the greatest common divisor of h and 9.
9
Suppose -3*b + 2*j = -160, 0 = -2*b - 24*j + 23*j + 102. Calculate the highest common divisor of b and 8.
4
Suppose -g - 5*p = 23, 0 = g - 0*p - 5*p - 27. Suppose -4*n + 15 + 57 = 0. What is the greatest common factor of g and n?
2
Let r(q) = -q**3 + 21*q**2 - 19*q + 8. Let c be r(20). Let p be 5/(20/(-12)) + 143. What is the highest common divisor of p and c?
28
Let z(o) = o - 10. Let r be z(14). Suppose 3 + 17 = r*x. Calculate the highest common divisor of x and 15.
5
Let l(x) = -4*x - 1. Let b be l(-5). Let t = b + -31. Let i = -11 - t. Calculate the highest common divisor of i and 4.
1
Let d = -16 - -41. Suppose -2*m - 3*m + d = 0. Suppose 3*n + n = -m*z + 64, 3*z = n + 1. What is the highest common divisor of 11 and n?
11
Let s be (-3)/((-63)/7)*60. What is the greatest common divisor of 20 and s?
20
Let o = -431 - -521. What is the greatest common divisor of o and 405?
45
Let x = 7 - -2. Let c(m) be the second derivative of -m**4/12 + 3*m**3/2 + 5*m**2 + 3*m. Let f be c(x). What is the highest common divisor of f and 4?
2
Suppose -2*a + 3 = -2*h + 85, 4*a = 20. Suppose 0 = 4*p - 4*i - h + 6, -3*p - 4*i = -44. Calculate the highest common factor of 8 and p.
4
Let o be 689/(-143) + (-4)/22. Let f = o - -10. Suppose 5*k + f = 0, u - 43 - 87 = 5*k. What is the highest common factor of 25 and u?
25
Suppose 3*a = 0, -4*a = -o - 5*a - 56. Let g = -47 - o. What is the greatest common factor of 6 and g?
3
Suppose -45*b = -55*b + 350. What is the greatest common factor of 20 and b?
5
Suppose -88*i = -83*i - 360. Calculate the highest common divisor of i and 9.
9
Let t = 7 + 1. Let m(a) = -5*a - 14. Let d be m(6). Let n = d + 60. Calculate the greatest common divisor of n and t.
8
Let i(b) = -b**2 - 8*b + 2. Suppose 0 = -3*j - j - 24. Let q be i(j). Let x be 6/30 + 2 + (-118)/(-10). What is the highest common factor of x and q?
14
Let g = 6 - 17. Let c be (g/(-4))/((-5)/(-60)). Let x = c - 19. Calculate the highest common factor of x and 35.
7
Suppose -v + 3*n = -0*n - 31, 2*v - 27 = -n. Let j be ((-320)/60)/((-1)/15). Suppose 0*l - 2*l + j = 0. What is the highest common factor of v and l?
8
Suppose 4*l + r - 372 = -3*r, -2*l + 189 = 3*r. Let c be (100/(-15))/(2/(-9)). What is the highest common divisor of c and l?
30
Suppose -5*w - 4*m - 1304 = 0, -796 = 3*w - 0*w - m. Let p be (-4)/(-26) - w/(-26). Let s be (p/4)/(3/(-18)). What is the greatest common divisor of 3 and s?
3
Let r(x) = -2*x - 39. Let o be r(-25). Suppose 5*j - 4*d - o = 64, 4*d = 3*j - 53. Calculate the highest common factor of 22 and j.
11
Let y be (-11 + 1)*(-5 + (-16)/(-20)). What is the highest common divisor of y and 266?
14
Let i be 3 + -1*(0 - -1). Suppose 3*b - 57 = -48. Suppose 0 = b*p + i*p - 15. What is the greatest common factor of p and 2?
1
Let n = 20 + -14. Let z(u) = u**2 + 17*u + 16. Let j be z(-16). Suppose j*v + 2*v - n = 0. What is the greatest common factor of 6 and v?
3
Let z(k) = 12*k - 196. Let l be z(18). Calculate the greatest common divisor of l and 232.
4
Let o = 22 + 3. Suppose h - o = 17. Calculate the greatest common divisor of h and 14.
14
Suppose 5*y - y + 3*i = 319, 0 = 5*y - 2*i - 370. What is the highest common divisor of y and 2?
2
Suppose -172 = 5*l - 1527. Suppose 5*t = -2*i + l, 118 = 2*t - 3*i - i. What is the highest common divisor of 11 and t?
11
Let t(s) = -s + 6. Let x = -20 - -22. Suppose -j - 12 = x*j, -c + 4*j + 10 = 0. Let p be t(c). What is the greatest common divisor of p and 4?
4
Let g be 56 + -7 + -3 - (-2)/(-1). Calculate the highest common divisor of 484 and g.
44
Suppose -8*y - s + 2062 = -6*y, 0 = 3*y - 3*s - 3102. Calculate the greatest common factor of y and 86.
86
Suppose -5*d + 150 = 5*w, 70*w - 71*w + 30 = 3*d. Let y = 12 + -6. Calculate the highest common factor of y and w.
6
Let o = -109 - -114. Suppose -b = -a + b + 156, -o*a + 4*b + 768 = 0. Calculate the greatest common factor of a and 8.
8
Let c(d) = 2*d**2 + 7*d - 17. Let l be c(-6). Suppose 10*q - l*q = -81. What is the highest common factor of q and 243?
27
Let t(b) = 14*b + 27. Let f be t(24). Calculate the greatest common factor of 66 and f.
33
Let l(s) = s**3 - 5*s**2 - 5*s - 8. Let n be l(7). Let q = n + -37. Calculate the highest common divisor of q and 54.
18
Suppose 9*l - 1988 = 1117. What is the highest common factor of 15 and l?
15
Suppose -7*m + 2*m = -405. Suppose 4*y + 640 = 2*z, 5*z = -2*y - 263 - 81. Let j be y/(-21)*(1 - -6). What is the highest common factor of j and m?
27
Let c = 119 - 75. Let l = -138 - -149. Calculate the greatest common divisor of l and c.